by 4295.
55
Calculate the remainder when 17515 is divided by 1346.
17
Calculate the remainder when 3054 is divided by 40.
14
Calculate the remainder when 228576 is divided by 411.
60
Calculate the remainder when 1864013 is divided by 68.
65
Calculate the remainder when 82538 is divided by 41232.
74
Calculate the remainder when 159500 is divided by 205.
10
What is the remainder when 18746 is divided by 536?
522
Calculate the remainder when 377425 is divided by 62903.
7
Calculate the remainder when 11244 is divided by 3748.
0
Calculate the remainder when 157 is divided by 76.
5
Calculate the remainder when 4314 is divided by 440.
354
Calculate the remainder when 34940 is divided by 1165.
1155
What is the remainder when 19695 is divided by 732?
663
Calculate the remainder when 27927 is divided by 55.
42
What is the remainder when 11926 is divided by 42?
40
What is the remainder when 37568 is divided by 31?
27
What is the remainder when 60960 is divided by 3?
0
Calculate the remainder when 205008 is divided by 328.
8
Calculate the remainder when 141281 is divided by 76.
73
Calculate the remainder when 1163 is divided by 85.
58
What is the remainder when 8548 is divided by 214?
202
Calculate the remainder when 18892 is divided by 203.
13
Calculate the remainder when 145528 is divided by 490.
488
What is the remainder when 1674 is divided by 234?
36
What is the remainder when 29421 is divided by 6?
3
What is the remainder when 213 is divided by 41?
8
What is the remainder when 12431774 is divided by 608?
606
What is the remainder when 3578 is divided by 285?
158
What is the remainder when 136415 is divided by 609?
608
Calculate the remainder when 3018 is divided by 510.
468
What is the remainder when 728213 is divided by 5057?
5
What is the remainder when 857 is divided by 23?
6
What is the remainder when 63933 is divided by 108?
105
What is the remainder when 14473 is divided by 338?
277
What is the remainder when 12724 is divided by 85?
59
What is the remainder when 7478 is divided by 356?
2
What is the remainder when 615780 is divided by 31?
27
Calculate the remainder when 5195 is divided by 5167.
28
Calculate the remainder when 556531 is divided by 56.
3
What is the remainder when 71277 is divided by 314?
313
Calculate the remainder when 3784 is divided by 703.
269
Calculate the remainder when 163180 is divided by 62.
58
Calculate the remainder when 56067 is divided by 1699.
0
Calculate the remainder when 69078 is divided by 557.
10
Calculate the remainder when 5470 is divided by 891.
124
Calculate the remainder when 245 is divided by 163.
82
Calculate the remainder when 91392 is divided by 50.
42
What is the remainder when 6807 is divided by 19?
5
What is the remainder when 78753 is divided by 78725?
28
What is the remainder when 14152 is divided by 2754?
382
What is the remainder when 20080 is divided by 467?
466
What is the remainder when 3490 is divided by 869?
14
What is the remainder when 3815 is divided by 13?
6
Calculate the remainder when 293 is divided by 126.
41
What is the remainder when 136259 is divided by 4?
3
What is the remainder when 5405618 is divided by 13?
10
What is the remainder when 37219 is divided by 84?
7
What is the remainder when 25686 is divided by 1031?
942
What is the remainder when 2242 is divided by 662?
256
Calculate the remainder when 33284 is divided by 53.
0
Calculate the remainder when 9195 is divided by 82.
11
Calculate the remainder when 1439230 is divided by 4.
2
What is the remainder when 187 is divided by 58?
13
What is the remainder when 2772 is divided by 1439?
1333
What is the remainder when 23192 is divided by 286?
26
Calculate the remainder when 312647 is divided by 57.
2
Calculate the remainder when 3391 is divided by 2532.
859
Calculate the remainder when 21666 is divided by 47.
46
Calculate the remainder when 22159 is divided by 528.
511
Calculate the remainder when 43255 is divided by 29.
16
Calculate the remainder when 10383 is divided by 274.
245
What is the remainder when 2216 is divided by 1511?
705
Calculate the remainder when 40343 is divided by 5030.
103
Calculate the remainder when 2893 is divided by 480.
13
Calculate the remainder when 187437 is divided by 1024.
45
What is the remainder when 85918 is divided by 358?
356
Calculate the remainder when 400166 is divided by 338.
312
Calculate the remainder when 67877 is divided by 21.
5
Calculate the remainder when 2514 is divided by 787.
153
Calculate the remainder when 13412 is divided by 2149.
518
Calculate the remainder when 101176 is divided by 3161.
24
What is the remainder when 168425 is divided by 316?
313
What is the remainder when 13352 is divided by 343?
318
Calculate the remainder when 544 is divided by 348.
196
What is the remainder when 50542 is divided by 87?
82
Calculate the remainder when 8487 is divided by 34.
21
Calculate the remainder when 2865 is divided by 107.
83
Calculate the remainder when 1460 is divided by 1179.
281
Calculate the remainder when 2951 is divided by 458.
203
Calculate the remainder when 3359 is divided by 65.
44
What is the remainder when 1808032 is divided by 63?
58
What is the remainder when 8292 is divided by 15?
12
Calculate the remainder when 2350 is divided by 1152.
46
Calculate the remainder when 14640 is divided by 21.
3
What is the remainder when 3938 is divided by 571?
512
Calculate the remainder when 511 is divided by 283.
228
What is the remainder when 3612 is divided by 67?
61
What is the remainder when 10659 is divided by 142?
9
What is the remainder when 97957 is divided by 124?
121
What is the remainder when 4748 is divided by 791?
2
What is the remainder when 377889 is divided by 25?
14
Calculate the remainder when 3988 is divided by 3077.
911
What is the remainder when 39928 is divided by 25?
3
Calculate the remainder when 9099 is divided by 16.
11
Calculate the remainder when 401358 is divided by 200654.
50
What is the remainder when 10513 is divided by 500?
13
What is the remainder when 14754 is divided by 1458?
174
What is the remainder when 8581 is divided by 115?
71
Calculate the remainder when 2024 is divided by 660.
44
Calculate the remainder when 227 is divided by 112.
3
Calculate the remainder when 1589902 is divided by 206.
200
Calculate the remainder when 469812 is divided by 405.
12
Calculate the remainder when 509827 is divided by 114.
19
What is the remainder when 120341 is divided by 196?
193
Calculate the remainder when 21616 is divided by 367.
330
Calculate the remainder when 7196 is divided by 2367.
95
What is the remainder when 23422 is divided by 867?
13
What is the remainder when 23969 is divided by 141?
140
Calculate the remainder when 17409 is divided by 916.
5
What is the remainder when 17997 is divided by 781?
34
What is the remainder when 130810 is divided by 32692?
42
What is the remainder when 1059 is divided by 134?
121
What is the remainder when 2585 is divided by 27?
20
Calculate the remainder when 1719 is divided by 1575.
144
What is the remainder when 43848 is divided by 67?
30
What is the remainder when 39409 is divided by 236?
233
Calculate the remainder when 49983 is divided by 365.
343
What is the remainder when 3787 is divided by 329?
168
What is the remainder when 2375 is divided by 2243?
132
Calculate the remainder when 5111 is divided by 71.
70
Calculate the remainder when 1879 is divided by 332.
219
Calculate the remainder when 61733 is divided by 105.
98
What is the remainder when 76906 is divided by 339?
292
What is the remainder when 1414 is divided by 572?
270
What is the remainder when 71817 is divided by 298?
297
What is the remainder when 376879 is divided by 70?
69
Calculate the remainder when 70400 is divided by 658.
652
What is the remainder when 26955 is divided by 4492?
3
What is the remainder when 2893 is divided by 2871?
22
What is the remainder when 21255 is divided by 134?
83
What is the remainder when 17266 is divided by 595?
11
What is the remainder when 25705 is divided by 45?
10
What is the remainder when 7571 is divided by 3750?
71
Calculate the remainder when 3760 is divided by 42.
22
What is the remainder when 126368 is divided by 126310?
58
What is the remainder when 10670 is divided by 424?
70
Calculate the rem